er when 340767 is divided by 4207.
0
What is the remainder when 414142458 is divided by 46?
42
What is the remainder when 220845 is divided by 30548?
7009
What is the remainder when 820176 is divided by 2345?
1771
What is the remainder when 452431 is divided by 12?
7
Calculate the remainder when 159952364 is divided by 1786.
1776
What is the remainder when 2361859 is divided by 5?
4
What is the remainder when 20754718 is divided by 3602?
3596
What is the remainder when 41977925 is divided by 3816175?
0
Calculate the remainder when 291691 is divided by 18218.
203
Calculate the remainder when 195100 is divided by 34.
8
What is the remainder when 200213 is divided by 2465?
548
What is the remainder when 25792 is divided by 6377?
284
Calculate the remainder when 80268 is divided by 1369.
866
Calculate the remainder when 253629 is divided by 63359.
193
What is the remainder when 8727 is divided by 8541?
186
What is the remainder when 89106 is divided by 4823?
2292
Calculate the remainder when 42156844 is divided by 3315.
3304
Calculate the remainder when 52937744 is divided by 6960.
6944
Calculate the remainder when 5701481 is divided by 94.
5
Calculate the remainder when 5564641 is divided by 463718.
25
What is the remainder when 1206332 is divided by 159?
158
What is the remainder when 110934 is divided by 36660?
954
What is the remainder when 1448232 is divided by 723683?
866
Calculate the remainder when 5648420 is divided by 376552.
140
What is the remainder when 250078 is divided by 9?
4
What is the remainder when 238618 is divided by 21210?
5308
What is the remainder when 165369 is divided by 10?
9
Calculate the remainder when 11215488 is divided by 115.
113
Calculate the remainder when 11727065 is divided by 341.
75
What is the remainder when 3150534 is divided by 50?
34
Calculate the remainder when 54452703 is divided by 56.
39
Calculate the remainder when 3307242 is divided by 330724.
2
Calculate the remainder when 78808317 is divided by 256.
253
What is the remainder when 19908038 is divided by 254?
26
Calculate the remainder when 187707 is divided by 9283.
2047
What is the remainder when 19654725 is divided by 3?
0
Calculate the remainder when 475549 is divided by 4959.
4444
Calculate the remainder when 5847901 is divided by 1658.
135
What is the remainder when 42267436 is divided by 1100?
1036
Calculate the remainder when 25621215 is divided by 269697.
0
Calculate the remainder when 683999 is divided by 20727.
8
Calculate the remainder when 4147033 is divided by 1439.
1274
Calculate the remainder when 5412397 is divided by 839.
8
Calculate the remainder when 65706761 is divided by 286929.
20
What is the remainder when 30257673 is divided by 6?
3
Calculate the remainder when 114364470 is divided by 6.
0
Calculate the remainder when 443676 is divided by 443675.
1
What is the remainder when 1436576 is divided by 799?
773
What is the remainder when 135728 is divided by 90?
8
What is the remainder when 554498 is divided by 86?
56
What is the remainder when 11920646 is divided by 1003?
994
Calculate the remainder when 142965169 is divided by 332.
325
What is the remainder when 69021 is divided by 34210?
601
Calculate the remainder when 79513 is divided by 19298.
2321
Calculate the remainder when 53215868 is divided by 43.
14
Calculate the remainder when 561715 is divided by 561598.
117
What is the remainder when 64103026 is divided by 647505?
31
What is the remainder when 18036953 is divided by 2576703?
32
Calculate the remainder when 4055237 is divided by 177.
167
Calculate the remainder when 27566556 is divided by 13783276.
4
What is the remainder when 38536 is divided by 1429?
1382
Calculate the remainder when 243449877 is divided by 248165.
12
What is the remainder when 51430725 is divided by 123?
120
Calculate the remainder when 229781 is divided by 376.
45
What is the remainder when 874476 is divided by 290717?
2325
Calculate the remainder when 75210777 is divided by 367.
366
What is the remainder when 196575053 is divided by 165?
158
Calculate the remainder when 23703603 is divided by 27.
6
What is the remainder when 3231887 is divided by 92?
19
Calculate the remainder when 5889 is divided by 1841.
366
What is the remainder when 24083 is divided by 1257?
200
Calculate the remainder when 24184573 is divided by 2418457.
3
What is the remainder when 2790764 is divided by 2889?
2879
Calculate the remainder when 372185 is divided by 2242.
13
What is the remainder when 25573 is divided by 3123?
589
Calculate the remainder when 266291 is divided by 238.
207
What is the remainder when 1762138 is divided by 587379?
1
Calculate the remainder when 14745689 is divided by 110.
79
What is the remainder when 167178 is divided by 27803?
360
What is the remainder when 289458 is divided by 72152?
850
Calculate the remainder when 101610053 is divided by 50805022.
9
What is the remainder when 207152 is divided by 159?
134
Calculate the remainder when 29913 is divided by 7013.
1861
What is the remainder when 232457 is divided by 82?
69
Calculate the remainder when 9293 is divided by 1180.
1033
What is the remainder when 603033 is divided by 208?
41
Calculate the remainder when 111652181 is divided by 243.
242
Calculate the remainder when 3088290 is divided by 3703.
3691
Calculate the remainder when 171335 is divided by 177.
176
Calculate the remainder when 2740103 is divided by 1855.
268
What is the remainder when 57799752 is divided by 7224967?
16
What is the remainder when 83451 is divided by 540?
291
What is the remainder when 54495 is divided by 78?
51
Calculate the remainder when 10826492 is divided by 7118.
14
Calculate the remainder when 200803 is divided by 40144.
83
Calculate the remainder when 1225279 is divided by 64485.
64
What is the remainder when 2524064 is divided by 6505?
124
What is the remainder when 4234283 is divided by 3511?
17
Calculate the remainder when 57668059 is divided by 203774.
17
What is the remainder when 14791432 is divided by 48656?
8
Calculate the remainder when 1262955 is divided by 157869.
3
What is the remainder when 21995631 is divided by 1374726?
15
What is the remainder when 49309498 is divided by 25?
23
Calculate the remainder when 4380 is divided by 1316.
432
What is the remainder when 825970 is divided by 5434?
2
What is the remainder when 3220315 is divided by 479?
477
What is the remainder when 399138 is divided by 172?
98
Calculate the remainder when 25564421 is divided by 450.
371
Calculate the remainder when 2115272 is divided by 4649.
4626
Calculate the remainder when 75868 is divided by 12467.
1066
What is the remainder when 45626264 is divided by 45?
44
Calculate the remainder when 766296 is divided by 12.
0
Calculate the remainder when 886869 is divided by 191.
56
Calculate the remainder when 28455418 is divided by 9097.
2
Calculate the remainder when 10747804 is divided by 49529.
11
What is the remainder when 1208859 is divided by 31812?
3
Calculate the remainder when 17401668 is divided by 177568.
4
What is the remainder when 35407 is divided by 745?
392
Calculate the remainder when 65043748 is divided by 982.
978
Calculate the remainder when 680071 is divided by 68005.
21
What is the remainder when 14414675 is divided by 72073?
75
Calculate the remainder when 550435 is divided by 133413.
16783
What is the remainder when 16764519 is divided by 16764514?
5
What is the remainder when 34576 is divided by 3825?
151
Calculate the remainder when 1295939 is divided by 273.
8
Calculate the remainder when 61133 is divided by 1945.
838
Calculate the remainder when 70301 is divided by 17397.
713
Calculate the remainder when 1541542 is divided by 3.
1
What is the remainder when 269728 is divided by 4733?
4680
What is the remainder when 28030756 is divided by 974?
10
What is the remainder when 158366 is divided by 146?
102
Calculate the remainder when 30569917 is divided by 80.
77
Calculate the remainder when 1200234 is divided by 212.
102
Calculate the remainder when 162179367 is divided by 18.
15
Calculate the remainder when 55777 is divided by 9010.
1717
What is the remainder when 71883846 is divided by 145809?
9
What is the remainder when 295575 is divided by 2220?
315
Calculate the remainder when 1623171